1 + 4*j + 2*j**t. What are the prime factors of l(3)?
5, 13
What are the prime factors of ((-176)/(-132))/(20/78)*3895?
2, 13, 19, 41
Suppose -v - o + 28 = -2*o, -3*o + 12 = v. Let l = -27 + v. Let c(w) = 2*w**2 - 2*w - 6. What are the prime factors of c(l)?
2, 3
Let p = 8429 + -4663. List the prime factors of p.
2, 7, 269
Suppose -6632113 - 669930 = -149*g. List the prime factors of g.
7, 7001
Let r(c) be the first derivative of -c**3/3 - 5*c**2/2 + 144*c + 15. Let s = 5 - 5. What are the prime factors of r(s)?
2, 3
Suppose -3*w + 14 = -22. Suppose 23*d - 3399 = w*d. List the prime factors of d.
3, 103
Let b = 2493 - -4912. List the prime factors of b.
5, 1481
Let a(q) = 6*q**2 - 20*q - 25. Let i = 376 - 365. What are the prime factors of a(i)?
13, 37
Suppose -11*c + 174 = -9*c. Suppose -2*o - d = c - 667, 0 = o + 3*d - 285. What are the prime factors of o?
3, 97
Suppose -3*a - o + 48067 = 2*a, 2*a + 2*o = 19230. What are the prime factors of a?
9613
Suppose 20*i - 32617 = 13863. What are the prime factors of i?
2, 7, 83
Suppose 0 = 77*n - 264742 + 21576. List the prime factors of n.
2, 1579
Let t(p) = -p**3 - 11*p**2 - 14*p. Suppose -2*c - 8 = 0, 5*c = 3*d + 7*c - 130. Let x = d + -56. List the prime factors of t(x).
2, 5
Suppose 4*q - 3 = -4*k + k, -4*k + 5 = 5*q. Let i(r) = 49*r**2 - 11*r - 13. List the prime factors of i(q).
461
Suppose 0 = -31*t + 6480 + 61224. Suppose 4*p - t = 4*m + 448, m = 3*p - 1970. What are the prime factors of p?
2, 41
Suppose 2*m + 10 = 3*o, -4*m - 5*o + 1 = -1. Let h be 1806/(-12) + 1/m. Let q = -82 - h. List the prime factors of q.
3, 23
Let t be (-2)/1*(-1466 + 12). Let y = t + -1755. What are the prime factors of y?
1153
Let r be ((-2)/(-6) + (-1020)/(-45))*-21. Let b be ((-2)/3)/((-2)/r). Let o = 287 + b. What are the prime factors of o?
2, 3, 7
Suppose 8*y = 12*y - 20. Suppose -5*b + y*p - 5 = 0, 2*b + p + 8 = -3*p. What are the prime factors of 1/(((-4)/b)/8)?
2
Suppose -3*w + 115 = 5*i, -2*i + 115 = 3*i - 3*w. Suppose -i*m = -16*m - 406. List the prime factors of m.
2, 29
Suppose 21 - 68 = -4*c - 5*t, -5*c = 5*t - 65. Suppose n - c - 29 = -4*x, -n - 3*x + 43 = 0. What are the prime factors of n?
31
Let u = 1368 - 91. Let q = u + 268. List the prime factors of q/25 - (-2)/10.
2, 31
Let i = -36163 - -78054. List the prime factors of i.
163, 257
Suppose -505 = 5*d - 5*v, -4*v - 268 = 4*d - d. What are the prime factors of d/(-18)*(-3366)/(-24)?
2, 11, 17
Let r(u) be the second derivative of 8*u**2 + 11/12*u**4 + 7/6*u**3 - 35*u + 0 + 1/20*u**5. List the prime factors of r(-8).
2, 19
Suppose 6*g + 6 = 2*v + 2*g, 6 = 3*g. What are the prime factors of -4*(-10)/(-70) + 11246/v?
2, 11, 73
Let k be 2 + ((-918)/8)/((-34)/680). Let y = -922 + k. List the prime factors of y.
5, 11
List the prime factors of (3516 - 18)/(4/42).
3, 7, 11, 53
Let f = -7933 + 12716. What are the prime factors of f?
4783
Suppose -w = f - 17, f + 17 = w + 2. Let j(m) = -m**2 + 15*m - 2. Let x be j(w). Let i = x - -46. List the prime factors of i.
2, 7
Let x = 77 + -79. Let n be (-5)/(13 - x) - (-79)/3. Suppose -28*i = -n*i - 334. What are the prime factors of i?
167
Let g(s) = 290*s + 9. Let p be g(14). Suppose -k + 7*x - 800 = 3*x, 0 = -5*k - 3*x - p. List the prime factors of k/(-42)*2*3.
2, 29
Let o(i) = 100 + 2*i + 2*i - 103 - i. What are the prime factors of o(23)?
2, 3, 11
Suppose -6*o = 7*o - 194583 - 215515. What are the prime factors of o?
2, 15773
Let v(a) be the second derivative of 11*a**6/720 - 67*a**5/120 + 3*a**4 + 15*a. Let s(l) be the third derivative of v(l). List the prime factors of s(22).
5, 7
Suppose -77*i - 8 = -81*i. Suppose 369 - 315 = i*z. What are the prime factors of z?
3
Let m be ((-4)/3)/((-5)/15)*1. List the prime factors of 6/m*3810/45.
127
Suppose -4*u - w = -100840, -39*w + 44*w = u - 25189. What are the prime factors of u?
3, 2801
List the prime factors of (7 - ((-44)/(-6) - -1))*298335/(-10).
2, 19889
Let x = 95619 + -63502. List the prime factors of x.
32117
List the prime factors of 98646/30 - (-43)/(-215).
2, 3, 137
Let g(x) = 52 + 63 + x**3 - 6 + x. What are the prime factors of g(0)?
109
Suppose 0 = 5*w - 14*w + 5688. Suppose 11*l - 1875 + w = 0. List the prime factors of l.
113
Suppose -4*w + 12 = 3*c, -w - c = -6*w + 15. Suppose -w = 17*f - 18*f. Suppose f*m - 167 = 2*m. List the prime factors of m.
167
Suppose -198*s = -112*s - 1833864. What are the prime factors of s?
2, 3, 1777
Let z = -61 + 65. Suppose 0 = -z*p - 8, 4*r - 5*p = 3162. Suppose r = 10*i - 1132. What are the prime factors of i?
2, 3
Let p = 32 - -122. Suppose -p = y - 458. Suppose -5*w + w = -y. List the prime factors of w.
2, 19
Let g(a) = 2355*a**2 - 76*a + 349. List the prime factors of g(5).
2, 47, 313
Let k(i) = i**3 - 15*i**2 + 19*i + 4. Let o = 176 + -92. Suppose -j - o = -7*j. List the prime factors of k(j).
2, 37
Suppose 0 = -3*p + x + 71428, -p + 8110*x = 8105*x - 23842. List the prime factors of p.
7, 19, 179
Suppose 38418 = -68*f + 112905 + 52061. What are the prime factors of f?
1861
Let i = 822 - 732. Suppose -4*n + 2*o + 169 = -43, 2*n - 5*o - i = 0. List the prime factors of n.
5, 11
Let m(h) = 11866*h**2 + 353*h - 354. List the prime factors of m(1).
3, 5, 7, 113
Suppose 5*j - 42 = -4*y, 10 = 5*j - y - 17. Let p(v) = 2*v**2. Let t be p(j). Suppose 11*o + t = 1799. What are the prime factors of o?
157
Let t(f) = f**3 + 5*f**2 - 7*f + 209. List the prime factors of t(22).
11, 1193
Suppose -5 = t - 1, -2*t = -i + 136. Suppose 9*z - 2626 = i. What are the prime factors of z?
2, 3, 17
Let q(g) be the second derivative of g**3/2 + 313*g**2/2 + 43*g. List the prime factors of q(0).
313
Let y = -262 + 467. Suppose -z + 0*z + 5*n = -59, n = 3*z - y. What are the prime factors of z?
3, 23
Let j(k) = 705*k - 10854. List the prime factors of j(76).
2, 3, 7121
Let s(q) = 3*q**2 - 28*q - 7. Let u be s(-11). Suppose 0 = -n - 4, 6*n - 8*n = -x + u. List the prime factors of x.
2, 41
Let d(l) = -l**2 - 138*l + 1133. List the prime factors of d(-110).
11, 383
Let k(p) = 10*p**2 - 88*p + 11. Suppose 65 = 6*b + 5. List the prime factors of k(b).
131
Let x = -98 - -193. Let d = x + 133. List the prime factors of d.
2, 3, 19
Suppose 13 = -8*k + 573. Let s = k + -72. What are the prime factors of 35/15*(s - -62)?
2, 5, 7
Suppose b - 12 = -3*b. Suppose -2*t - b = t. What are the prime factors of 20 + -16 - (-14 + t)?
19
Suppose 5*v = 1319 + 1856. Let k = v - 419. What are the prime factors of k?
2, 3
Suppose 3308 - 8735 = -5*g - 3*v, 5*g - 5426 = -4*v. Suppose -477*n = -471*n - g. What are the prime factors of n?
181
Let i = -221 + 230. Suppose 735 = u + c, i*c - 6*c = -u + 733. List the prime factors of u.
2, 23
Suppose 0 = 3*j - 147 - 60. Suppose -37 - 118 = 5*q. Let h = j - q. List the prime factors of h.
2, 5
Let z(f) = 10*f**2 + 6*f - 2. Let q(p) = -10*p**2 - 6*p + 1. Let v(c) = 5*q(c) + 6*z(c). Suppose 4*u + 9 - 17 = 0. List the prime factors of v(u).
3, 5
Let n(o) = -92*o + 1. Let v be (60/25)/(6/(-20)). Let l be (2/v)/((-2)/(-8)). What are the prime factors of n(l)?
3, 31
Suppose -d - 16 = d. What are the prime factors of ((-27)/(-72) + (-341)/d)*7?
7, 43
Suppose 0 = -11*h + 7*h + 8. Suppose h*w - 1087 - 386 = -g, -g = 4*w - 2945. What are the prime factors of w?
2, 23
Let m be (-12)/4 + 8 + 1856/(-4). Let z = 713 + m. List the prime factors of z.
2, 127
Suppose 295809 = 29*i - 638693 + 73869. What are the prime factors of i?
59, 503
Let v = -4229 + 8587. What are the prime factors of v?
2, 2179
Suppose -7*r - 598 = 1005. Let n = 498 + r. List the prime factors of n.
269
Let t = -6730 + 12492. List the prime factors of t.
2, 43, 67
Suppose 0 = f + 3*f - 3*j + 1319, 0 = f - 2*j + 336. Let u = 149 - f. What are the prime factors of u?
5, 19
Suppose 0 = 5*u + 26 - 36. Suppose u = 2*l + 4. List the prime factors of (2 - 3) + -1 - 41/l.
3, 13
Let i = 93692 - 43190. What are the prime factors of i?
2, 3, 19, 443
Let h = 35 + -35. Let m be h/(7/(28/8)). Suppose -3*d + 7*d - 232 = m. What are the prime factors of d?
2, 29
Let k(w) = w**3 + 8*w**2 - 18*w + 22. Let t be k(-10). Suppose -4*d + 5*q + 1913 = -819, -t*d - 4*q = -1392. What are the prime factors of d?
2, 43
Let a = -419 + 445. Suppose 6685 = -a*x + 31*x + 5*l, -2*l + 1334